{"id":212,"date":"2017-11-15T14:21:22","date_gmt":"2017-11-15T14:21:22","guid":{"rendered":"http:\/\/equipamentospsi.com\/?post_type=product&#038;p=212"},"modified":"2026-04-20T02:41:04","modified_gmt":"2026-04-20T02:41:04","slug":"tatil","status":"publish","type":"product","link":"https:\/\/equipamentospsi.com\/?product=tatil","title":{"rendered":"T\u00e1til"},"content":{"rendered":"<p><strong>Descri\u00e7\u00e3o:<\/strong><\/p>\n<p>Este produto \u00e9 produzido artesanalmente e tem por objetivo fazer os movimentos bilaterais t\u00e1teis. O aparelho possui duas formas de alimenta\u00e7\u00e3o de energia:<\/p>\n<ul>\n<li>1\u00aa pode ser ligado na tomada (110 ou 220 v).<\/li>\n<li>2\u00aa pode ser alimentada atrav\u00e9s de uma bateria 9v Alcalina (<strong>a bateria n\u00e3o acompanha<\/strong>).<\/li>\n<\/ul>\n<p><strong>Modo de usar:<\/strong><\/p>\n<p>O aparelho possui duas luzes de led&#8217;s que mostram o movimento sendo feito nas pontas por meio de motores que vibram, chamados de \u201cbuzzes\u201d.<\/p>\n<p>A chave LIGAR-DESLIGAR \u00e9 a mesma que aumenta e diminui a VELOCIDADE. O bot\u00e3o girat\u00f3rio da esquerda refere-se \u00e0 VELOCIDADE, podendo aumentar e diminuir de 1 a 10. O bot\u00e3o girat\u00f3rio da direita refere-se \u00e0 INTENSIDADE do movimento, podendo aumentar e diminuir.<\/p>\n<p>Os buzzes s\u00e3o produzidos apenas para esta finalidade, por isso, s\u00e3o anatomicamente confort\u00e1veis e possuem as cores (azul, rosa, verde, salm\u00e3o, roxo, cinza e preto).<\/p>\n<p>O cabo \u00e9 emborrachado aumentando a resist\u00eancia. O display digital mostra a quantidade de movimentos aplicados.<\/p>\n<p><strong>Recomenda\u00e7\u00f5es:<\/strong><\/p>\n<p>Ao montar ou desmontar o equipamento, certifique-se que o mesmo esteja totalmente desligado, tanto da tomada quanto o bot\u00e3o Liga\/Desliga.<\/p>\n","protected":false},"excerpt":{"rendered":"<p>Descri\u00e7\u00e3o: Este produto \u00e9 produzido artesanalmente e tem por objetivo fazer os movimentos bilaterais t\u00e1teis. O aparelho possui duas formas de alimenta\u00e7\u00e3o de energia: 1\u00aa pode ser ligado na tomada (110 ou 220 v). 2\u00aa pode ser alimentada atrav\u00e9s de uma bateria 9v Alcalina (a bateria n\u00e3o acompanha). Modo de usar: O aparelho possui duas [&hellip;]<\/p>\n","protected":false},"featured_media":517,"comment_status":"open","ping_status":"closed","template":"","meta":[],"product_brand":[],"product_cat":[16],"product_tag":[],"class_list":{"0":"post-212","1":"product","2":"type-product","3":"status-publish","4":"has-post-thumbnail","6":"product_cat-simples","7":"pa_valor-final-valor-a-vista","8":"pa_valor-final-valor-parcelado","10":"first","11":"instock","12":"shipping-taxable","13":"purchasable","14":"product-type-variable"},"_links":{"self":[{"href":"https:\/\/equipamentospsi.com\/index.php?rest_route=\/wp\/v2\/product\/212","targetHints":{"allow":["GET"]}}],"collection":[{"href":"https:\/\/equipamentospsi.com\/index.php?rest_route=\/wp\/v2\/product"}],"about":[{"href":"https:\/\/equipamentospsi.com\/index.php?rest_route=\/wp\/v2\/types\/product"}],"replies":[{"embeddable":true,"href":"https:\/\/equipamentospsi.com\/index.php?rest_route=%2Fwp%2Fv2%2Fcomments&post=212"}],"wp:featuredmedia":[{"embeddable":true,"href":"https:\/\/equipamentospsi.com\/index.php?rest_route=\/wp\/v2\/media\/517"}],"wp:attachment":[{"href":"https:\/\/equipamentospsi.com\/index.php?rest_route=%2Fwp%2Fv2%2Fmedia&parent=212"}],"wp:term":[{"taxonomy":"product_brand","embeddable":true,"href":"https:\/\/equipamentospsi.com\/index.php?rest_route=%2Fwp%2Fv2%2Fproduct_brand&post=212"},{"taxonomy":"product_cat","embeddable":true,"href":"https:\/\/equipamentospsi.com\/index.php?rest_route=%2Fwp%2Fv2%2Fproduct_cat&post=212"},{"taxonomy":"product_tag","embeddable":true,"href":"https:\/\/equipamentospsi.com\/index.php?rest_route=%2Fwp%2Fv2%2Fproduct_tag&post=212"}],"curies":[{"name":"wp","href":"https:\/\/api.w.org\/{rel}","templated":true}]}}